{"id":5252,"date":"2022-04-27T13:17:54","date_gmt":"2022-04-27T13:17:54","guid":{"rendered":"https:\/\/www.nadidekorkut.com.tr\/demo\/?page_id=5252"},"modified":"2022-05-11T18:35:07","modified_gmt":"2022-05-11T18:35:07","slug":"protein-alimi-hesaplayici","status":"publish","type":"page","link":"https:\/\/www.nadidekorkut.com.tr\/?page_id=5252","title":{"rendered":"Protein Al\u0131m\u0131 Hesaplay\u0131c\u0131"},"content":{"rendered":"\n<p><code><style>\n\t\t\t\t#fcp-protein-intake-form {\n\t\t\t\t    margin: 0px;\n\t\t\t\t    padding: 0px;\n\t\t\t\t    border: solid 2px #004d99;\n\t\t\t\t    width: 100%;\n\t\t\t\t    float: left;\n\t\t\t\t}#fcp-protein-intake-form .fcp-radio-btn {\n\t\t\t\t\t\twidth: 100%;\n\t\t\t\t\t}#fcp-protein-intake-form h3 {\n\t\t\t\t    text-transform: uppercase;\n\t\t\t\t    background-color: #004d99;\n\t\t\t\t    padding: 2%;\n\t\t\t\t    color: #fff;\n\t\t\t\t    font-weight: bolder;\n\t\t\t\t    text-align: center;\n\t\t\t\t    margin: 0px;\n\t\t\t\t}\n\t\t\t\t\n\t\t\t\t#fcp-protein-intake-form .fcp-result-string {\n\t\t\t\t    background-color: #004d99;\n\t\t\t\t    padding: 1%;\n\t\t\t\t    color: #fff;\n\t\t\t\t    font-size: 20px;\n\t\t\t\t    text-align: center;\n\t\t\t\t    margin: 0px;\n\t\t\t\t}\n\t\t\t\t#fcp-protein-intake-form .fcp-btn {\n\t\t\t\t    background-color: #004d99;\n\t\t\t\t    color: #fff;\n\t\t\t\t    text-transform: uppercase;\n\t\t\t\t    border-radius: 4px;\n\t\t\t\t    border: solid 2px #004d99;\n\t\t\t\t}\n\t\t\t\t<\/style><div id=\"fcp-protein-intake-form\" class=\"container\">\n\t\t\t\t<h3>Protein Al\u0131m\u0131 Hesaplay\u0131c\u0131<\/h3>\t\n\t\t\t  <div class=\"fcp-row\">\n\t\t\t  \t\t<div class=\"fcp-radio-btn fcp-radio-btn-protein-metric\">\n\t\t\t  \t\t\t<label for=\"fcp-protein-intake-radio-metric\">Metric<\/label>\n\t\t\t  \t\t\t <input type=\"radio\"  id=\"fcp-protein-intake-radio-metric\" class=\"form-control fcp-protein-radio\" name=\"fcp-protein-intake-radio\" value=\"metric\">\n\t\t\t  \t\t\t<span class=\"fcp-error\">require<\/span>\n\t\t\t  \t\t<\/div><table class=\"fcp-table\">\n\t\t\t  \t\t\t<tr>\n\t\t\t  \t\t\t\t<td>\n\t\t\t  \t\t\t\t\t<label for=\"fcp-protein-intake-age\">Ya\u015f\u0131n\u0131z<\/label>\n\t\t\t\t\t\t\t    <input type=\"text\" id=\"fcp-protein-intake-age\" class=\"left form-control\" name=\"fcp-protein-intake-age\" \/>\n\t\t\t\t\t\t\t    <span id=\"fcp-protein-intake-age-error\" class=\"fcp-error\">ya\u015f 14 ila 80 aral\u0131\u011f\u0131nda olmal\u0131d\u0131r.<\/span>\n\t\t\t  \t\t\t\t<\/td>\n\t\t\t  \t\t\t\t<td>\n\t\t\t  \t\t\t\t\t<label for=\"fcp-protein-intake-sex\">Cinsiyetiniz<\/label>\n\t\t\t\t\t\t\t    <select id=\"fcp-protein-intake-sex\" class=\"left  form-control\" name=\"fcp-protein-intake-sex\">\n\t\t\t\t\t\t\t    \t<option value=\"male\">Erkek<\/option>\n\t\t\t\t\t\t\t    \t<option value=\"female\">Kad\u0131n<\/option>\n\t\t\t\t\t\t\t    <\/select>\n\t\t\t  \t\t\t\t<\/td>\n\t\t\t  \t\t\t<\/tr>\n\t\t\t  \t\t\t<tr>\n\t\t\t  \t\t\t\t<td>\n\t\t\t  \t\t\t\t\t<label for=\"fcp-protein-intake-height\">Boyunuz<\/label>\n\t\t\t\t\t\t    \t<input  id=\"fcp-protein-intake-height\" pattern=\"[0-9]\" type=\"text\"  class=\"left  form-control\" id=\"fcp-protein-intake-height\" name=\"fcp-protein-intake-height\" placeholder=\"Santimetre\" \/>\n\t\t\t\t\t\t    \t<span id=\"fcp-protein-intake-height-error\" class=\"fcp-error\">require<\/span>\n\t\t\t  \t\t\t\t<\/td>\n\t\t\t  \t\t\t\t<td>\n\t\t\t  \t\t\t\t\t<label for=\"fcp-protein-intake-weight\">Kilonuz<\/label>\n\t\t\t\t\t\t    \t<input id=\"fcp-protein-intake-weight\"  pattern=\"[0-9]\" type=\"text\" class=\"left form-control\" id=\"fcp-protein-intake-weight\" name=\"fcp-protein-intake-weight\" placeholder=\"Kilogram\" \/>\n\t\t\t\t\t\t    \t<span id=\"fcp-protein-intake-weight-error\" class=\"fcp-error\">require<\/span>\n\t\t\t  \t\t\t\t<\/td>\n\t\t\t  \t\t\t<\/tr>\n\t\t\t  \t\t\t<tr>\n\t\t\t  \t\t\t\t<td>\n\t\t\t  \t\t\t\t\t<label for=\"fcp-protein-intake-goal\">Hedef<\/label>\n\t\t\t\t\t\t\t    <select id=\"fcp-protein-intake-goal\" class=\"left  form-control\" name=\"fcp-protein-intake-goal\">\n\t\t\t\t\t\t\t    \t<option value=\"fat-loss\">Ya\u011f Kayb\u0131<\/option>\n\t\t\t\t\t\t\t    \t<option value=\"maintenance\">Bak\u0131m<\/option>\n\t\t\t\t\t\t\t    \t<option value=\"muscle-gain\">Kas yapmak<\/option>\n\t\t\t\t\t\t\t    <\/select>\n\t\t\t  \t\t\t\t<\/td>\n\t\t\t  \t\t\t\t<td>\n\t\t\t  \t\t\t\t\t<label for=\"fcp-protein-intake-activity-level\">Aktivite d\u00fczeyil<\/label>\n\t\t\t\t\t\t\t    <select id=\"fcp-protein-intake-activity-level\" class=\"left form-control\" name=\"fcp-protein-intake-activity-level\">\n\t\t\t\t\t\t\t    \t<option value=\"sedentary\">\u00c7ok Az Haraketli<\/option>\n\t\t\t\t\t\t\t    \t<option value=\"lightly-active\">Hafif Aktif<\/option>\n\t\t\t\t\t\t\t    \t<option value=\"moderately-active\">Orta Derece Aktif<\/option>\n\t\t\t\t\t\t\t    \t<option value=\"very-active\">\u00c7ok Aktif<\/option>\n\t\t\t\t\t\t\t    <\/select>\n\t\t\t  \t\t\t\t<\/td>\n\t\t\t  \t\t\t<\/tr>\n\t\t\t  \t\t\t<tr style=\"text-align: center;\"><td colspan=\"2\"><button onclick=\"fcpCalculateproteinIntake()\" class=\"btn btn-default fcp-btn\">Hesapla<\/button><\/td><\/tr>\n\t\t\t  \t\t<\/table>\n\t\t\t  \t\t<p class=\"fcp-result-string\">G\u00fcnl\u00fck <span class=fcp-protein-calculated-result>......<\/span>  protein almal\u0131s\u0131n<\/p>\n\n\t\t\t  <\/div>\n\t\t<\/div><\/code><\/p>\n","protected":false},"excerpt":{"rendered":"Protein Al\u0131m\u0131 Hesaplay\u0131c\u0131 Metric require Ya\u015f\u0131n\u0131z ya\u015f 14 ila 80 aral\u0131\u011f\u0131nda olmal\u0131d\u0131r. Cinsiyetiniz Erkek Kad\u0131n Boyunuz require Kilonuz require Hedef Ya\u011f Kayb\u0131 Bak\u0131m Kas yapmak Aktivite d\u00fczeyil \u00c7ok Az Haraketli Hafif Aktif Orta Derece Aktif \u00c7ok Aktif Hesapla G\u00fcnl\u00fck ...... protein almal\u0131s\u0131n","protected":false},"author":1,"featured_media":0,"parent":0,"menu_order":0,"comment_status":"closed","ping_status":"closed","template":"","meta":{"footnotes":""},"class_list":["post-5252","page","type-page","status-publish","hentry"],"_links":{"self":[{"href":"https:\/\/www.nadidekorkut.com.tr\/index.php?rest_route=\/wp\/v2\/pages\/5252","targetHints":{"allow":["GET"]}}],"collection":[{"href":"https:\/\/www.nadidekorkut.com.tr\/index.php?rest_route=\/wp\/v2\/pages"}],"about":[{"href":"https:\/\/www.nadidekorkut.com.tr\/index.php?rest_route=\/wp\/v2\/types\/page"}],"author":[{"embeddable":true,"href":"https:\/\/www.nadidekorkut.com.tr\/index.php?rest_route=\/wp\/v2\/users\/1"}],"replies":[{"embeddable":true,"href":"https:\/\/www.nadidekorkut.com.tr\/index.php?rest_route=%2Fwp%2Fv2%2Fcomments&post=5252"}],"version-history":[{"count":2,"href":"https:\/\/www.nadidekorkut.com.tr\/index.php?rest_route=\/wp\/v2\/pages\/5252\/revisions"}],"predecessor-version":[{"id":5630,"href":"https:\/\/www.nadidekorkut.com.tr\/index.php?rest_route=\/wp\/v2\/pages\/5252\/revisions\/5630"}],"wp:attachment":[{"href":"https:\/\/www.nadidekorkut.com.tr\/index.php?rest_route=%2Fwp%2Fv2%2Fmedia&parent=5252"}],"curies":[{"name":"wp","href":"https:\/\/api.w.org\/{rel}","templated":true}]}}