{"id":5248,"date":"2022-04-27T13:10:38","date_gmt":"2022-04-27T13:10:38","guid":{"rendered":"https:\/\/www.nadidekorkut.com.tr\/demo\/?page_id=5248"},"modified":"2022-04-27T13:15:36","modified_gmt":"2022-04-27T13:15:36","slug":"su-alim-hesaplayicisi","status":"publish","type":"page","link":"https:\/\/www.nadidekorkut.com.tr\/?page_id=5248","title":{"rendered":"Su Al\u0131m Hesaplay\u0131c\u0131s\u0131"},"content":{"rendered":"\n<style>#fcp-water-intake-form {\n\t\t\t\t    margin: 0px;\n\t\t\t\t    padding: 0px;\n\t\t\t\t    border: solid 2px #004d99;\n\t\t\t\t    width: 100%;\n\t\t\t\t    float: left;\n\t\t\t\t}#fcp-water-intake-form .fcp-radio-btn {\n\t\t\t\t\twidth: 100%;\n\t\t\t\t}#fcp-water-intake-form h3 {\n\t\t\t\t    text-transform: uppercase;\n\t\t\t\t    background-color: #004d99;\n\t\t\t\t    padding: 2%;\n\t\t\t\t    color: #fff;\n\t\t\t\t    font-weight: bolder;\n\t\t\t\t    text-align: center;\n\t\t\t\t    margin: 0px;\n\t\t\t\t}\n\t\t\t\t#fcp-water-intake-form .fcp-result-string {\n\t\t\t\t    background-color: #004d99;\n\t\t\t\t    padding: 1%;\n\t\t\t\t    color: #fff;\n\t\t\t\t    font-size: 20px;\n\t\t\t\t    text-align: center;\n\t\t\t\t    margin: 0px;\n\t\t\t\t}\n\t\t\t\t#fcp-water-intake-form .fcp-btn {\n\t\t\t\t    background-color: #004d99;\n\t\t\t\t    color: #fff;\n\t\t\t\t    text-transform: uppercase;\n\t\t\t\t    border-radius: 4px;\n\t\t\t\t    border: solid 2px #004d99;\n\t\t\t\t}\n\t\t\t\t<\/style><div id=\"fcp-water-intake-form\" class=\"container\">\n\t\t\t\t<h3><span id=\"daily_Water_intake_calculator\">Su Al\u0131m Hesaplay\u0131c\u0131s\u0131<\/span><\/h3>\t\n\t\t\t  <div class=\"fcp-row\"><div class=\"fcp-radio-btn fcp-radio-btn-metric\">\n\t\t\t  \t\t\t<label for=\"fcp-water-intake-radio-metric\">Metric<\/label>\n\t\t\t  \t\t\t<input type=\"radio\" id=\"fcp-water-intake-radio-metric\" \n\t\t\t\t\t\t  class=\"form-control fcp-water-radio\" name=\"fcp-water-intake-radio\" \n\t\t\t\t\t\t  checked\n\t\t\t\t\t\t  value=\"metric\">\n\t\t\t  \t\t\t<span class=\"fcp-error\">require<\/span>\n\t\t\t\t\t<\/div><table class=\"fcp-table\">\n\t\t\t  \t\t\t<tbody><tr>\n\t\t\t  \t\t\t\t<td>\n\t\t\t  \t\t\t\t\t<label for=\"fcp-water-intake-age\">Ya\u015f\u0131n\u0131z<\/label>\n\t\t\t\t\t\t\t    <select id=\"fcp-water-intake-age\" class=\"left form-control\" name=\"fcp-water-intake-age\">\n\t\t\t\t\t\t\t    \t<option value=\"14-18\">14-18<\/option>\n\t\t\t\t\t\t\t    \t<option value=\"19-30\">19-30<\/option>\n\t\t\t\t\t\t\t    \t<option value=\"31-50\">31-50<\/option>\n\t\t\t\t\t\t\t    \t<option value=\"50+\">50+<\/option>\n\t\t\t\t\t\t\t    <\/select>\n\t\t\t  \t\t\t\t<\/td>\n\t\t\t  \t\t\t\t<td>\n\t\t\t  \t\t\t\t\t<label for=\"fcp-water-intake-sex\">Cinsiyetiniz<\/label>\n\t\t\t\t\t\t\t    <select id=\"fcp-water-intake-sex\" class=\"left  form-control\" name=\"fcp-water-intake-sex\">\n\t\t\t\t\t\t\t    \t<option value=\"male\">Erkek<\/option>\n\t\t\t\t\t\t\t    \t<option value=\"female\">Kad\u0131n<\/option>\n\t\t\t\t\t\t\t    <\/select>\n\t\t\t  \t\t\t\t<\/td>\n\t\t\t  \t\t\t<\/tr>\n\t\t\t  \t\t\t<tr>\n\t\t\t  \t\t\t\t<td>\n\t\t\t  \t\t\t\t\t<label for=\"fcp-water-intake-height\">Boyunuz<\/label>\n\t\t\t\t\t\t    \t<input id=\"fcp-water-intake-height\" pattern=\"[0-9]\" type=\"text\" class=\"left  form-control\" \n\t\t\t\t\t\t\t\tname=\"fcp-water-intake-height\" placeholder=\"Centimeter\">\n\t\t\t\t\t\t    \t<span id=\"fcp-water-intake-height-error\" class=\"fcp-error\">require<\/span>\n\t\t\t  \t\t\t\t<\/td>\n\t\t\t  \t\t\t\t<td>\n\t\t\t  \t\t\t\t\t<label for=\"fcp-water-intake-weight\">Kilonuz<\/label>\n\t\t\t\t\t\t    \t<input id=\"fcp-water-intake-weight\" pattern=\"[0-9]\" type=\"text\" class=\"left form-control\" \n\t\t\t\t\t\t\t\tname=\"fcp-water-intake-weight\" placeholder=\"Kilogram\">\n\t\t\t\t\t\t    \t<span id=\"fcp-water-intake-weight-error\" class=\"fcp-error\">require<\/span>\n\t\t\t  \t\t\t\t<\/td>\n\t\t\t  \t\t\t<\/tr>\n\t\t\t  \t\t\t<tr>\n\t\t\t  \t\t\t\t<td>\n\t\t\t  \t\t\t\t\t<label for=\"fcp-water-intake-season\">Mevsim<\/label>\n\t\t\t\t\t\t\t    <select id=\"fcp-water-intake-season\" class=\"left  form-control\" name=\"fcp-water-intake-season\">\n\t\t\t\t\t\t\t    \t<option value=\"winter\">K\u0131\u015f<\/option>\n\t\t\t\t\t\t\t    \t<option value=\"normal\">Normal<\/option>\n\t\t\t\t\t\t\t    \t<option value=\"summer\">Yaz<\/option>\n\t\t\t\t\t\t\t    <\/select>\n\t\t\t  \t\t\t\t<\/td>\n\t\t\t  \t\t\t\t<td>\n\t\t\t  \t\t\t\t\t<label for=\"fcp-water-intake-activity-level\">Aktivite D\u00fczeyi<\/label>\n\t\t\t\t\t\t\t    <select id=\"fcp-water-intake-activity-level\" class=\"left form-control\" name=\"fcp-water-intake-activity-level\">\n\t\t\t\t\t\t\t    \t<option value=\"lightly-active\">Hafif Aktif<\/option>\n\t\t\t\t\t\t\t    \t<option value=\"moderately-active\">Orta Derece Aktif<\/option>\n\t\t\t\t\t\t\t    \t<option value=\"very-active\">\u00c7ok Aktif<\/option>\n\t\t\t\t\t\t\t    <\/select>\n\t\t\t  \t\t\t\t<\/td>\n\t\t\t  \t\t\t<\/tr>\n\t\t\t  \t\t\t<tr style=\"text-align: center;\"><td colspan=\"2\"><button onclick=\"fcpCalculateWaterIntake()\" class=\"btn btn-default fcp-btn\">Hesapla<\/button><\/td><\/tr>\n\t\t\t  \t\t<\/tbody><\/table>\n\t\t\t  \t\t<p class=\"fcp-result-string\">her g\u00fcn  <span class=\"fcp-calculated-result\">......<\/span>  su i\u00e7melisin <\/p>\n\n\t\t\t  <\/div>\n\t\t<\/div>\n","protected":false},"excerpt":{"rendered":"Su Al\u0131m Hesaplay\u0131c\u0131s\u0131 Metric require Ya\u015f\u0131n\u0131z 14-18 19-30 31-50 50+ Cinsiyetiniz Erkek Kad\u0131n Boyunuz require Kilonuz require Mevsim K\u0131\u015f Normal Yaz Aktivite D\u00fczeyi Hafif Aktif Orta Derece Aktif \u00c7ok Aktif Hesapla her g\u00fcn ...... su i\u00e7melisin","protected":false},"author":1,"featured_media":0,"parent":0,"menu_order":0,"comment_status":"closed","ping_status":"closed","template":"","meta":{"footnotes":""},"class_list":["post-5248","page","type-page","status-publish","hentry"],"_links":{"self":[{"href":"https:\/\/www.nadidekorkut.com.tr\/index.php?rest_route=\/wp\/v2\/pages\/5248","targetHints":{"allow":["GET"]}}],"collection":[{"href":"https:\/\/www.nadidekorkut.com.tr\/index.php?rest_route=\/wp\/v2\/pages"}],"about":[{"href":"https:\/\/www.nadidekorkut.com.tr\/index.php?rest_route=\/wp\/v2\/types\/page"}],"author":[{"embeddable":true,"href":"https:\/\/www.nadidekorkut.com.tr\/index.php?rest_route=\/wp\/v2\/users\/1"}],"replies":[{"embeddable":true,"href":"https:\/\/www.nadidekorkut.com.tr\/index.php?rest_route=%2Fwp%2Fv2%2Fcomments&post=5248"}],"version-history":[{"count":2,"href":"https:\/\/www.nadidekorkut.com.tr\/index.php?rest_route=\/wp\/v2\/pages\/5248\/revisions"}],"predecessor-version":[{"id":5251,"href":"https:\/\/www.nadidekorkut.com.tr\/index.php?rest_route=\/wp\/v2\/pages\/5248\/revisions\/5251"}],"wp:attachment":[{"href":"https:\/\/www.nadidekorkut.com.tr\/index.php?rest_route=%2Fwp%2Fv2%2Fmedia&parent=5248"}],"curies":[{"name":"wp","href":"https:\/\/api.w.org\/{rel}","templated":true}]}}