{"id":3794,"date":"2018-10-25T11:45:48","date_gmt":"2018-10-25T11:45:48","guid":{"rendered":"http:\/\/quanticalabs.com\/wptest\/medicenter-new\/?page_id=3794"},"modified":"2018-10-25T11:45:48","modified_gmt":"2018-10-25T11:45:48","slug":"services","status":"publish","type":"page","link":"https:\/\/www.nadidekorkut.com.tr\/?page_id=3794","title":{"rendered":"Services"},"content":{"rendered":"<p>[vc_row top_margin=&#8221;page-margin-top-section&#8221;][vc_column]<ul class=\"services-list clearfix\"><li class=\"vc_row wpb_row vc_row-fluid\"><ul><li><a href=\"https:\/\/www.nadidekorkut.com.tr\/?ql_services=gebelik-takibi\" title=\"Gebelik Takibi\"><img loading=\"lazy\" decoding=\"async\" width=\"480\" height=\"320\" src=\"https:\/\/www.nadidekorkut.com.tr\/wp-content\/uploads\/2021\/05\/pregnant-woman-wearing-casual-attire-with-finger-her-chin-enjoying-her-pregnancy-480x320.jpg\" class=\"attachment-medium-thumb size-medium-thumb wp-post-image\" alt=\"Gebelik Takibi\" title=\"\" srcset=\"https:\/\/www.nadidekorkut.com.tr\/wp-content\/uploads\/2021\/05\/pregnant-woman-wearing-casual-attire-with-finger-her-chin-enjoying-her-pregnancy-480x320.jpg 480w, https:\/\/www.nadidekorkut.com.tr\/wp-content\/uploads\/2021\/05\/pregnant-woman-wearing-casual-attire-with-finger-her-chin-enjoying-her-pregnancy-300x200.jpg 300w, https:\/\/www.nadidekorkut.com.tr\/wp-content\/uploads\/2021\/05\/pregnant-woman-wearing-casual-attire-with-finger-her-chin-enjoying-her-pregnancy-1024x683.jpg 1024w, https:\/\/www.nadidekorkut.com.tr\/wp-content\/uploads\/2021\/05\/pregnant-woman-wearing-casual-attire-with-finger-her-chin-enjoying-her-pregnancy-768x512.jpg 768w, https:\/\/www.nadidekorkut.com.tr\/wp-content\/uploads\/2021\/05\/pregnant-woman-wearing-casual-attire-with-finger-her-chin-enjoying-her-pregnancy-1536x1024.jpg 1536w, https:\/\/www.nadidekorkut.com.tr\/wp-content\/uploads\/2021\/05\/pregnant-woman-wearing-casual-attire-with-finger-her-chin-enjoying-her-pregnancy-2048x1365.jpg 2048w, https:\/\/www.nadidekorkut.com.tr\/wp-content\/uploads\/2021\/05\/pregnant-woman-wearing-casual-attire-with-finger-her-chin-enjoying-her-pregnancy-670x446.jpg 670w, https:\/\/www.nadidekorkut.com.tr\/wp-content\/uploads\/2021\/05\/pregnant-woman-wearing-casual-attire-with-finger-her-chin-enjoying-her-pregnancy-600x400.jpg 600w, https:\/\/www.nadidekorkut.com.tr\/wp-content\/uploads\/2021\/05\/pregnant-woman-wearing-casual-attire-with-finger-her-chin-enjoying-her-pregnancy-390x260.jpg 390w, https:\/\/www.nadidekorkut.com.tr\/wp-content\/uploads\/2021\/05\/pregnant-woman-wearing-casual-attire-with-finger-her-chin-enjoying-her-pregnancy-285x190.jpg 285w\" sizes=\"auto, (max-width: 480px) 100vw, 480px\" \/><\/a><div class=\"service-details\"><h4><a href=\"https:\/\/www.nadidekorkut.com.tr\/?ql_services=gebelik-takibi\" title=\"Gebelik Takibi\">Gebelik Takibi<\/a><\/h4><p>Rutin kontroller, diyet, a\u015f\u0131lar ve egzersiz birlikte gebelik s\u00fcrecinizin dolu ve mutlu bir ya\u015fam s\u00fcrmesine yard\u0131mc\u0131 oluyoruz.<\/p>\n<\/div><\/li><li><a href=\"https:\/\/www.nadidekorkut.com.tr\/?ql_services=adet-duzensizligi\" title=\"Adet D\u00fczensizli\u011fi\"><img loading=\"lazy\" decoding=\"async\" width=\"480\" height=\"320\" src=\"https:\/\/www.nadidekorkut.com.tr\/wp-content\/uploads\/2021\/05\/woman-having-stomach-ache-bending-with-hands-belly-discomfort-from-menstrual-cramps-480x320.jpg\" class=\"attachment-medium-thumb size-medium-thumb wp-post-image\" alt=\"Adet D\u00fczensizli\u011fi\" title=\"\" srcset=\"https:\/\/www.nadidekorkut.com.tr\/wp-content\/uploads\/2021\/05\/woman-having-stomach-ache-bending-with-hands-belly-discomfort-from-menstrual-cramps-480x320.jpg 480w, https:\/\/www.nadidekorkut.com.tr\/wp-content\/uploads\/2021\/05\/woman-having-stomach-ache-bending-with-hands-belly-discomfort-from-menstrual-cramps-300x200.jpg 300w, https:\/\/www.nadidekorkut.com.tr\/wp-content\/uploads\/2021\/05\/woman-having-stomach-ache-bending-with-hands-belly-discomfort-from-menstrual-cramps-1024x683.jpg 1024w, https:\/\/www.nadidekorkut.com.tr\/wp-content\/uploads\/2021\/05\/woman-having-stomach-ache-bending-with-hands-belly-discomfort-from-menstrual-cramps-768x512.jpg 768w, https:\/\/www.nadidekorkut.com.tr\/wp-content\/uploads\/2021\/05\/woman-having-stomach-ache-bending-with-hands-belly-discomfort-from-menstrual-cramps-1536x1024.jpg 1536w, https:\/\/www.nadidekorkut.com.tr\/wp-content\/uploads\/2021\/05\/woman-having-stomach-ache-bending-with-hands-belly-discomfort-from-menstrual-cramps-2048x1365.jpg 2048w, https:\/\/www.nadidekorkut.com.tr\/wp-content\/uploads\/2021\/05\/woman-having-stomach-ache-bending-with-hands-belly-discomfort-from-menstrual-cramps-670x446.jpg 670w, https:\/\/www.nadidekorkut.com.tr\/wp-content\/uploads\/2021\/05\/woman-having-stomach-ache-bending-with-hands-belly-discomfort-from-menstrual-cramps-600x400.jpg 600w, https:\/\/www.nadidekorkut.com.tr\/wp-content\/uploads\/2021\/05\/woman-having-stomach-ache-bending-with-hands-belly-discomfort-from-menstrual-cramps-390x260.jpg 390w, https:\/\/www.nadidekorkut.com.tr\/wp-content\/uploads\/2021\/05\/woman-having-stomach-ache-bending-with-hands-belly-discomfort-from-menstrual-cramps-285x190.jpg 285w\" sizes=\"auto, (max-width: 480px) 100vw, 480px\" \/><\/a><div class=\"service-details\"><h4><a href=\"https:\/\/www.nadidekorkut.com.tr\/?ql_services=adet-duzensizligi\" title=\"Adet D\u00fczensizli\u011fi\">Adet D\u00fczensizli\u011fi<\/a><\/h4><p>Hastalar\u0131m\u0131za en kaliteli ilac\u0131 ve dolayl\u0131 yoldan en g\u00fc\u00e7l\u00fc tedaviyi sunmaya \u00e7al\u0131\u015f\u0131yoruz. Ayn\u0131 zaman da radyoloji ve ultrason g\u00f6r\u00fcnt\u00fcleme hizmetleri sunuyoruz.<\/p>\n<\/div><\/li><li><a href=\"https:\/\/www.nadidekorkut.com.tr\/?ql_services=erken-menopoz\" title=\"Erken Menopoz\"><img loading=\"lazy\" decoding=\"async\" width=\"480\" height=\"320\" src=\"https:\/\/www.nadidekorkut.com.tr\/wp-content\/uploads\/2021\/05\/blonde-senior-woman-being-happy-against-blue-background-480x320.jpg\" class=\"attachment-medium-thumb size-medium-thumb wp-post-image\" alt=\"Erken Menopoz\" title=\"\" srcset=\"https:\/\/www.nadidekorkut.com.tr\/wp-content\/uploads\/2021\/05\/blonde-senior-woman-being-happy-against-blue-background-480x320.jpg 480w, https:\/\/www.nadidekorkut.com.tr\/wp-content\/uploads\/2021\/05\/blonde-senior-woman-being-happy-against-blue-background-670x446.jpg 670w, https:\/\/www.nadidekorkut.com.tr\/wp-content\/uploads\/2021\/05\/blonde-senior-woman-being-happy-against-blue-background-600x400.jpg 600w, https:\/\/www.nadidekorkut.com.tr\/wp-content\/uploads\/2021\/05\/blonde-senior-woman-being-happy-against-blue-background-390x260.jpg 390w, https:\/\/www.nadidekorkut.com.tr\/wp-content\/uploads\/2021\/05\/blonde-senior-woman-being-happy-against-blue-background-285x190.jpg 285w\" sizes=\"auto, (max-width: 480px) 100vw, 480px\" \/><\/a><div class=\"service-details\"><h4><a href=\"https:\/\/www.nadidekorkut.com.tr\/?ql_services=erken-menopoz\" title=\"Erken Menopoz\">Erken Menopoz<\/a><\/h4><p>Erken Menopoz sa\u011fl\u0131\u011f\u0131n\u0131z\u0131n \u00f6nemli bir par\u00e7as\u0131d\u0131r dikkatli ve yumu\u015fak bir ge\u00e7i\u015f yapmad\u0131\u011f\u0131n\u0131z takdirde ciddi sa\u011fl\u0131k sorunlar\u0131 ya\u015fayabilirsiniz.<\/p>\n<\/div><\/li><\/ul><\/li><\/ul>[\/vc_column][\/vc_row]<\/p>\n","protected":false},"excerpt":{"rendered":"<p>[vc_row top_margin=&#8221;page-margin-top-section&#8221;][vc_column][\/vc_column][\/vc_row]<\/p>\n","protected":false},"author":1,"featured_media":0,"parent":0,"menu_order":0,"comment_status":"closed","ping_status":"closed","template":"","meta":{"footnotes":""},"class_list":["post-3794","page","type-page","status-publish","hentry"],"_links":{"self":[{"href":"https:\/\/www.nadidekorkut.com.tr\/index.php?rest_route=\/wp\/v2\/pages\/3794","targetHints":{"allow":["GET"]}}],"collection":[{"href":"https:\/\/www.nadidekorkut.com.tr\/index.php?rest_route=\/wp\/v2\/pages"}],"about":[{"href":"https:\/\/www.nadidekorkut.com.tr\/index.php?rest_route=\/wp\/v2\/types\/page"}],"author":[{"embeddable":true,"href":"https:\/\/www.nadidekorkut.com.tr\/index.php?rest_route=\/wp\/v2\/users\/1"}],"replies":[{"embeddable":true,"href":"https:\/\/www.nadidekorkut.com.tr\/index.php?rest_route=%2Fwp%2Fv2%2Fcomments&post=3794"}],"version-history":[{"count":0,"href":"https:\/\/www.nadidekorkut.com.tr\/index.php?rest_route=\/wp\/v2\/pages\/3794\/revisions"}],"wp:attachment":[{"href":"https:\/\/www.nadidekorkut.com.tr\/index.php?rest_route=%2Fwp%2Fv2%2Fmedia&parent=3794"}],"curies":[{"name":"wp","href":"https:\/\/api.w.org\/{rel}","templated":true}]}}